{"id":2171,"date":"2018-11-02T12:00:07","date_gmt":"2018-11-02T17:00:07","guid":{"rendered":"http:\/\/www.issendai.com\/16thcenturyistanbul\/?page_id=2171"},"modified":"2021-08-16T12:02:29","modified_gmt":"2021-08-16T17:02:29","slug":"muslim-slave-womens-names","status":"publish","type":"page","link":"https:\/\/www.issendai.com\/16thcenturyistanbul\/turkish-names\/muslim-names\/the-ladies-of-istanbul\/muslim-slave-womens-names\/","title":{"rendered":"Muslim Slave Women&#8217;s Names"},"content":{"rendered":"\n<p>These names were commonly given to\nslave women upon their conversion. While the occasional freeborn woman bore one\nof these names, to most people the name would strongly suggest that she was or\nhad been a slave.<br><\/p>\n\n\n\n<p><strong>\u00c2fit\u00e2b:<\/strong> Persian, &#8220;sun.&#8221;<br><\/p>\n\n\n\n<p><strong>Ayn\u00fclhay\u00e2t:<\/strong> The fountain of life.<br><\/p>\n\n\n\n<p>Bahtiyar<\/p>\n\n\n\n<p>Belagat<\/p>\n\n\n\n<p>Benef\u015fe<\/p>\n\n\n\n<p>Canfed\u00e2<\/p>\n\n\n\n<p><strong>Cansever:<\/strong> Persian <em>J\u0101ns\u016bw\u0101r<\/em><br><\/p>\n\n\n\n<p>Cansuz<\/p>\n\n\n\n<p><strong>\u00c7e\u015fmisiy\u00e2h:<\/strong> Black eyes, a highly desirable characteristic.<br><\/p>\n\n\n\n<p>Cevri<\/p>\n\n\n\n<p><strong>Cevr\u00fccefa:<\/strong> Arabic, &#8220;suffering.&#8221; [link]<br><\/p>\n\n\n\n<p>Cihan<\/p>\n\n\n\n<p>Cihan Banu<\/p>\n\n\n\n<p>Dilaver<\/p>\n\n\n\n<p>Dil\u015fad<\/p>\n\n\n\n<p>Dudu<\/p>\n\n\n\n<p>Felek-naz<\/p>\n\n\n\n<p><strong>Ferah\u015fad:<\/strong> Persian, &#8220;bringing joy&#8221; (Sobers-Khan, p. 232)<br><\/p>\n\n\n\n<p>G\u00fcla\u00e7maz<\/p>\n\n\n\n<p>G\u00fclendam<\/p>\n\n\n\n<p>G\u00fclistan<\/p>\n\n\n\n<p>G\u00fclizar<\/p>\n\n\n\n<p><strong>G\u00fclruh:<\/strong> Persian, &#8220;rose-cheeked&#8221; or &#8220;rose-faced&#8221; (Sobers-Khan, p. 232)<br><\/p>\n\n\n\n<p>G\u00fcl\u015fan<\/p>\n\n\n\n<p>G\u00fcl\u015fen<\/p>\n\n\n\n<p>G\u00fclsim\u00e2<\/p>\n\n\n\n<p>Handan<\/p>\n\n\n\n<p>Hemni\u015fin<\/p>\n\n\n\n<p>Hondi<\/p>\n\n\n\n<p>H\u00fcmayun<\/p>\n\n\n\n<p>Hur\u015fid<\/p>\n\n\n\n<p>Kadem<\/p>\n\n\n\n<p>K\u00e2mile<\/p>\n\n\n\n<p>L\u00e2lez\u00e2r<\/p>\n\n\n\n<p>Mahb\u00fclend<\/p>\n\n\n\n<p>Mah\u0131devran<\/p>\n\n\n\n<p>Mahsima<\/p>\n\n\n\n<p>Mahzaman<\/p>\n\n\n\n<p>Makriye<\/p>\n\n\n\n<p>Mehlika<\/p>\n\n\n\n<p>Mehri<\/p>\n\n\n\n<p>Melahat<\/p>\n\n\n\n<p><strong>Meleksima:<\/strong> Persian, &#8220;like an angel&#8221; (Sobers-Khan, p. 232)<br><\/p>\n\n\n\n<p>Mercan<\/p>\n\n\n\n<p>Meserret<\/p>\n\n\n\n<p>Mihman<\/p>\n\n\n\n<p>Mihrinaz<\/p>\n\n\n\n<p>Miyase<\/p>\n\n\n\n<p>Muhti<\/p>\n\n\n\n<p>M\u00fclayim<\/p>\n\n\n\n<p>M\u00fc\u015ferrefe<\/p>\n\n\n\n<p>N\u00e2zenin<\/p>\n\n\n\n<p>Niyazi<\/p>\n\n\n\n<p>Nur-saba<\/p>\n\n\n\n<p>Nurban<\/p>\n\n\n\n<p>Peri-ru<\/p>\n\n\n\n<p>Peymane<\/p>\n\n\n\n<p>Reftar<\/p>\n\n\n\n<p>Riyazi<\/p>\n\n\n\n<p>Ruhisani<\/p>\n\n\n\n<p>Ruhzeyba<\/p>\n\n\n\n<p>\u015e\u00e2kire<\/p>\n\n\n\n<p>\u015eehirben<\/p>\n\n\n\n<p>\u015eehla<\/p>\n\n\n\n<p>Selver<\/p>\n\n\n\n<p>\u015eemail<\/p>\n\n\n\n<p>Semenzar<\/p>\n\n\n\n<p>Seminnaz<\/p>\n\n\n\n<p>Semra<\/p>\n\n\n\n<p>Server<\/p>\n\n\n\n<p>\u015eirin<\/p>\n\n\n\n<p>Sureyya<\/p>\n\n\n\n<p>Tuti<\/p>\n\n\n\n<p><strong>Yasemin:<\/strong> Jasmine<br><\/p>\n\n\n\n<p>Yemeni<\/p>\n\n\n\n<p>Zam\u00e2ne<\/p>\n\n\n\n<p>Zeliha<\/p>\n\n\n\n<p>Z\u00fcleyha<\/p>\n\n\n\n<h2 class=\"wp-block-heading\">Likely Slave Names<\/h2>\n\n\n\n<p>In the sources, these names were\nborne by only one or two women, all of whom were converts. Many of the names\nare the sort of confections favored for slaves, making it likely that many, if\nnot all, of the women who bore these names were or had been slaves.<br><\/p>\n\n\n\n<p><strong>\u00c2b\u0131kevser:<\/strong> The waters of the Kevser, a life-giving river that flows through Paradise.<br><\/p>\n\n\n\n<p>\u00c2sude<\/p>\n\n\n\n<p>Bula<\/p>\n\n\n\n<p><strong>Canhabib:<\/strong> Heart&#8217;s beloved.<br><\/p>\n\n\n\n<p>Ceyhun<\/p>\n\n\n\n<p>Devlet<\/p>\n\n\n\n<p>Dilferid<\/p>\n\n\n\n<p><strong>D\u00fcnyabola:<\/strong> Possibly <em>d\u00fcnya<\/em> &#8220;world&#8221; + <em>bula<\/em> &#8220;lady&#8221;<br><\/p>\n\n\n\n<p>Genc-\u00e2s\u00e2<\/p>\n\n\n\n<p><strong>G\u00fclbahar:<\/strong> Spring rose.<br><\/p>\n\n\n\n<p>Gulbe\u015fe<\/p>\n\n\n\n<p>G\u00fclfidan<\/p>\n\n\n\n<p>G\u00fcl\u00fcm<\/p>\n\n\n\n<p>G\u00fcly\u00e2r<\/p>\n\n\n\n<p>Hacer<\/p>\n\n\n\n<p>H\u00fbr\u00ee<\/p>\n\n\n\n<p>Husni<\/p>\n\n\n\n<p>Kabile<\/p>\n\n\n\n<p>Kameru\u015f<\/p>\n\n\n\n<p>Mehtab<\/p>\n\n\n\n<p>Mihrimah<\/p>\n\n\n\n<p>M\u00fclayime<\/p>\n\n\n\n<p>M\u00fbnise<\/p>\n\n\n\n<p>M\u00fczeyyen<\/p>\n\n\n\n<p>Nazy\u00fcr\u00fcr<\/p>\n\n\n\n<p>Nergis<\/p>\n\n\n\n<p>Perizad<\/p>\n\n\n\n<p>Perv\u00e2ne<\/p>\n\n\n\n<p>R\u00e2n\u00e2<\/p>\n\n\n\n<p>R\u0131dvan<\/p>\n\n\n\n<p>Ru\u015fen: Shining (Sobers-Khan, p. 232)<br><\/p>\n\n\n\n<p>Sabiha<\/p>\n\n\n\n<p>\u015eems Peri<\/p>\n\n\n\n<p>\u015eemsimah<\/p>\n\n\n\n<p><strong>Servinaz:<\/strong> A type of cypress tree. The cypress was a symbol of beauty.<br><\/p>\n\n\n\n<p>Temenna<\/p>\n\n\n\n<p>Tercuman<\/p>\n\n\n\n<p>Ziy\u00e2de<\/p>\n\n\n\n<p>Z\u00fchre<\/p>\n","protected":false},"excerpt":{"rendered":"<p>These names were commonly given to slave women upon their conversion. While the occasional freeborn woman bore one of these names, to most people the name would strongly suggest that she was or had been a slave. \u00c2fit\u00e2b: Persian, &#8220;sun.&#8221; Ayn\u00fclhay\u00e2t: The fountain of life. Bahtiyar Belagat Benef\u015fe Canfed\u00e2 Cansever:\u2026<\/p>\n<p class=\"continue-reading-button\"> <a class=\"continue-reading-link\" href=\"https:\/\/www.issendai.com\/16thcenturyistanbul\/turkish-names\/muslim-names\/the-ladies-of-istanbul\/muslim-slave-womens-names\/\">Continue reading<i class=\"crycon-right-dir\"><\/i><\/a><\/p>\n","protected":false},"author":1,"featured_media":0,"parent":2166,"menu_order":0,"comment_status":"closed","ping_status":"closed","template":"","meta":{"footnotes":""},"categories":[108,85,111],"tags":[5],"class_list":["post-2171","page","type-page","status-publish","hentry","category-muslim-names","category-ottoman-turkish-names","category-slave-names","tag-female-names"],"_links":{"self":[{"href":"https:\/\/www.issendai.com\/16thcenturyistanbul\/wp-json\/wp\/v2\/pages\/2171","targetHints":{"allow":["GET"]}}],"collection":[{"href":"https:\/\/www.issendai.com\/16thcenturyistanbul\/wp-json\/wp\/v2\/pages"}],"about":[{"href":"https:\/\/www.issendai.com\/16thcenturyistanbul\/wp-json\/wp\/v2\/types\/page"}],"author":[{"embeddable":true,"href":"https:\/\/www.issendai.com\/16thcenturyistanbul\/wp-json\/wp\/v2\/users\/1"}],"replies":[{"embeddable":true,"href":"https:\/\/www.issendai.com\/16thcenturyistanbul\/wp-json\/wp\/v2\/comments?post=2171"}],"version-history":[{"count":4,"href":"https:\/\/www.issendai.com\/16thcenturyistanbul\/wp-json\/wp\/v2\/pages\/2171\/revisions"}],"predecessor-version":[{"id":2207,"href":"https:\/\/www.issendai.com\/16thcenturyistanbul\/wp-json\/wp\/v2\/pages\/2171\/revisions\/2207"}],"up":[{"embeddable":true,"href":"https:\/\/www.issendai.com\/16thcenturyistanbul\/wp-json\/wp\/v2\/pages\/2166"}],"wp:attachment":[{"href":"https:\/\/www.issendai.com\/16thcenturyistanbul\/wp-json\/wp\/v2\/media?parent=2171"}],"wp:term":[{"taxonomy":"category","embeddable":true,"href":"https:\/\/www.issendai.com\/16thcenturyistanbul\/wp-json\/wp\/v2\/categories?post=2171"},{"taxonomy":"post_tag","embeddable":true,"href":"https:\/\/www.issendai.com\/16thcenturyistanbul\/wp-json\/wp\/v2\/tags?post=2171"}],"curies":[{"name":"wp","href":"https:\/\/api.w.org\/{rel}","templated":true}]}}