{"id":2783,"date":"2023-07-27T15:35:27","date_gmt":"2023-07-27T20:35:27","guid":{"rendered":"https:\/\/www.issendai.com\/16thcenturyistanbul\/?page_id=2783"},"modified":"2024-08-29T21:04:11","modified_gmt":"2024-08-30T02:04:11","slug":"glossary-of-useful-terms","status":"publish","type":"page","link":"https:\/\/www.issendai.com\/16thcenturyistanbul\/turkish-names\/glossary-of-useful-terms\/","title":{"rendered":"Glossary of Useful Terms"},"content":{"rendered":"\n<p>There&#8217;s plenty of data out there if you know what to put into Google&#8230; and if you speak Turkish. These are some of the words that unlock Google.<\/p>\n\n\n\n<p>ana &#8211; mother<\/p>\n\n\n\n<p>avrat &#8211; woman involved in immoral activities<\/p>\n\n\n\n<p>azadli &#8211;&nbsp;freed slave<\/p>\n\n\n\n<p>bikr-i b\u00e2li\u011fa &#8211; unmarried woman<\/p>\n\n\n\n<p>cariye &#8211; female slave<\/p>\n\n\n\n<p>cedde &#8211; grandmother<\/p>\n\n\n\n<p>defter, plural defterleri &nbsp;&#8211; a section of official records (and a lot of other things)<\/p>\n\n\n\n<p>h\u00e2like olan &#8211; term for a deceased Muslim woman<\/p>\n\n\n\n<p>kad\u0131n &#8211; woman<\/p>\n\n\n\n<p>kaynana &#8211; mother-in-law<\/p>\n\n\n\n<p>kebire k\u0131z\u0131 &#8211; adult daughter<\/p>\n\n\n\n<p>k\u0131z &#8211; girl<\/p>\n\n\n\n<p>k\u0131z\u0131 &#8211; daughter<\/p>\n\n\n\n<p>memluk &#8211; purchased slave<\/p>\n\n\n\n<p>m\u00fcdebber &#8211; a slave promised his freedom upon the death of his owner<\/p>\n\n\n\n<p>m\u00fchtediye &#8211; a title for a woman who accepted Islam<\/p>\n\n\n\n<p>mutallaka &#8211; divorced woman<\/p>\n\n\n\n<p>m\u00fcteveffiye &#8211; term for a deceased Muslim woman<\/p>\n\n\n\n<p>nasraniyye &#8211; Christian<\/p>\n\n\n\n<p>Osmanl\u0131 &#8211; Ottoman<\/p>\n\n\n\n<p>sagire k\u0131z\u0131 &#8211; prepubescent daughter<\/p>\n\n\n\n<p>\u015feriye sicilleri, \u015fer&#8217;iye sicili&nbsp;&#8211;&nbsp;Sharia court records<\/p>\n\n\n\n<p>tahrir defterleri &#8211; <a href=\"http:\/\/digitalcommons.uconn.edu\/cgi\/viewcontent.cgi?article=1295&amp;context=econ_wpapers\" target=\"_blank\" rel=\"noreferrer noopener\">tax records<\/a><\/p>\n\n\n\n<p>tereke defterleri &#8211; estate records<\/p>\n\n\n\n<p>transkripsiyon &#8211; transcription<\/p>\n\n\n\n<p>valide &#8211; mother<\/p>\n\n\n\n<p>zevc &#8211; husband<\/p>\n\n\n\n<p>zevce &#8211; wife<\/p>\n\n\n\n<p>zevce-i metr\u00fbke &#8211; widow<\/p>\n\n\n\n<p>zimmi &#8211; a non-Muslim living in Muslim lands<\/p>\n\n\n\n<h2 class=\"wp-block-heading\">Expressions from Court Records<\/h2>\n\n\n\n<p>nam kimesne, n\u00e2m kimesneler&nbsp;&#8211; follows the name of the first party.<\/p>\n\n\n\n<p>mahzar\u0131nda&nbsp;or&nbsp;muv\u00e2cehesinde &#8211; Literally &#8220;in the womb,&#8221; meaning both parties are in court at the same time.<\/p>\n\n\n\n<p>\u00e2zat etti\u011fi, \u00e2zat&nbsp;etti\u011fini&nbsp;&#8211; Frees, freed. Literally &#8220;favored.&#8221; &#8220;Ali Bey b. Karaca\u2019n\u0131n \u00c7erkez as\u0131ll\u0131 c\u00e2riyesini&nbsp;vasiyetle \u00e2zat etti\u011fi&#8221; = &#8220;Ali Bey b. Karaca verily freed his&nbsp;\u00c7erkez-born slave.&#8221;<\/p>\n\n\n\n<p>merh\u00fbm,&nbsp;merh\u00fbme &#8211; deceased<\/p>\n\n\n\n<p>mezb\u00fbr,&nbsp;mezb\u00fbre &#8211; said previously, the forenamed<\/p>\n\n\n\n<p>as\u0131ll\u0131 &#8211; born. &#8220;Frenk as\u0131ll\u0131&#8221; = &#8220;Frankish-born.&#8221;<\/p>\n\n\n\n<p>hurre l-asl &#8211; freeborn<\/p>\n\n\n\n<p>Nazy\u00fcr\u00fcr\u2019\u00fcn m\u00fclk-i mahz\u0131d\u0131r &#8211; &#8220;is the property of&nbsp;Nazy\u00fcr\u00fcr&#8221;<\/p>\n\n\n\n<p>m\u00fclk\u00fc &#8211; property<\/p>\n\n\n\n<p>http:\/\/www.islamansiklopedisi.info\/dia\/ayrmetin.php?idno=180447<\/p>\n","protected":false},"excerpt":{"rendered":"<p>There&#8217;s plenty of data out there if you know what to put into Google&#8230; and if you speak Turkish. These are some of the words that unlock Google. ana &#8211; mother avrat &#8211; woman involved in immoral activities azadli &#8211;&nbsp;freed slave bikr-i b\u00e2li\u011fa &#8211; unmarried woman cariye &#8211; female slave\u2026<\/p>\n<p class=\"continue-reading-button\"> <a class=\"continue-reading-link\" href=\"https:\/\/www.issendai.com\/16thcenturyistanbul\/turkish-names\/glossary-of-useful-terms\/\">Continue reading<i class=\"crycon-right-dir\"><\/i><\/a><\/p>\n","protected":false},"author":1,"featured_media":0,"parent":706,"menu_order":10,"comment_status":"closed","ping_status":"closed","template":"","meta":{"footnotes":""},"categories":[85,81],"tags":[],"class_list":["post-2783","page","type-page","status-publish","hentry","category-ottoman-turkish-names","category-turkish-names"],"_links":{"self":[{"href":"https:\/\/www.issendai.com\/16thcenturyistanbul\/wp-json\/wp\/v2\/pages\/2783","targetHints":{"allow":["GET"]}}],"collection":[{"href":"https:\/\/www.issendai.com\/16thcenturyistanbul\/wp-json\/wp\/v2\/pages"}],"about":[{"href":"https:\/\/www.issendai.com\/16thcenturyistanbul\/wp-json\/wp\/v2\/types\/page"}],"author":[{"embeddable":true,"href":"https:\/\/www.issendai.com\/16thcenturyistanbul\/wp-json\/wp\/v2\/users\/1"}],"replies":[{"embeddable":true,"href":"https:\/\/www.issendai.com\/16thcenturyistanbul\/wp-json\/wp\/v2\/comments?post=2783"}],"version-history":[{"count":2,"href":"https:\/\/www.issendai.com\/16thcenturyistanbul\/wp-json\/wp\/v2\/pages\/2783\/revisions"}],"predecessor-version":[{"id":2785,"href":"https:\/\/www.issendai.com\/16thcenturyistanbul\/wp-json\/wp\/v2\/pages\/2783\/revisions\/2785"}],"up":[{"embeddable":true,"href":"https:\/\/www.issendai.com\/16thcenturyistanbul\/wp-json\/wp\/v2\/pages\/706"}],"wp:attachment":[{"href":"https:\/\/www.issendai.com\/16thcenturyistanbul\/wp-json\/wp\/v2\/media?parent=2783"}],"wp:term":[{"taxonomy":"category","embeddable":true,"href":"https:\/\/www.issendai.com\/16thcenturyistanbul\/wp-json\/wp\/v2\/categories?post=2783"},{"taxonomy":"post_tag","embeddable":true,"href":"https:\/\/www.issendai.com\/16thcenturyistanbul\/wp-json\/wp\/v2\/tags?post=2783"}],"curies":[{"name":"wp","href":"https:\/\/api.w.org\/{rel}","templated":true}]}}